) to base 10.
9
What is -2 (base 11) in base 2?
-10
What is -3 (base 7) in base 10?
-3
0 (base 4) to base 16
0
What is -35 (base 12) in base 4?
-221
Convert 10111 (base 2) to base 8.
27
What is 1 (base 2) in base 4?
1
Convert -24 (base 8) to base 6.
-32
-1 (base 13) to base 12
-1
-6 (base 7) to base 16
-6
-38 (base 11) to base 2
-101001
Convert 5 (base 12) to base 14.
5
What is 0 (base 7) in base 5?
0
What is 24 (base 10) in base 2?
11000
Convert -37 (base 15) to base 9.
-57
66 (base 7) to base 8
60
-8 (base 11) to base 14
-8
What is 1 (base 6) in base 3?
1
What is -6 (base 7) in base 12?
-6
What is -430 (base 5) in base 8?
-163
Convert -31 (base 5) to base 8.
-20
Convert 1 (base 3) to base 10.
1
What is 50 (base 14) in base 10?
70
Convert -86 (base 13) to base 2.
-1101110
-1200 (base 3) to base 16
-2d
Convert 6 (base 13) to base 5.
11
62 (base 13) to base 9
88
What is -41 (base 5) in base 11?
-1a
-7 (base 8) to base 2
-111
What is 0 (base 11) in base 4?
0
100111100 (base 2) to base 11
268
-a2 (base 11) to base 8
-160
Convert -2 (base 13) to base 7.
-2
Convert 2 (base 3) to base 11.
2
5 (base 11) to base 8
5
Convert -101101 (base 2) to base 9.
-50
84 (base 12) to base 2
1100100
What is -103 (base 11) in base 5?
-444
12 (base 3) to base 11
5
What is -15 (base 15) in base 2?
-10100
What is 43 (base 9) in base 12?
33
What is -61 (base 9) in base 10?
-55
What is 1122 (base 5) in base 3?
20000
112 (base 3) to base 10
14
What is -38 (base 15) in base 8?
-65
What is 0 (base 5) in base 8?
0
-4d (base 15) to base 5
-243
What is 2 (base 13) in base 3?
2
-111 (base 3) to base 15
-d
9 (base 10) to base 5
14
11101 (base 2) to base 3
1002
8 (base 14) to base 2
1000
112 (base 3) to base 4
32
Convert 17 (base 9) to base 15.
11
What is 3 (base 9) in base 2?
11
Convert 143 (base 6) to base 8.
77
3 (base 16) to base 3
10
Convert 1004 (base 6) to base 16.
dc
Convert -330 (base 9) to base 15.
-130
Convert 1 (base 12) to base 3.
1
2 (base 5) to base 11
2
0 (base 3) to base 9
0
What is -2 (base 9) in base 14?
-2
Convert -1 (base 2) to base 14.
-1
What is 0 (base 11) in base 14?
0
-3 (base 15) to base 13
-3
-443 (base 6) to base 15
-b6
Convert 2 (base 9) to base 10.
2
What is 10111001 (base 2) in base 10?
185
1112 (base 3) to base 9
45
111 (base 3) to base 7
16
-4 (base 7) to base 4
-10
What is 3 (base 9) in base 8?
3
-22 (base 3) to base 5
-13
What is -124 (base 10) in base 9?
-147
What is -10 (base 2) in base 15?
-2
192 (base 10) to base 14
da
2 (base 8) to base 13
2
-2 (base 13) to base 3
-2
Convert 4 (base 5) to base 14.
4
What is 4 (base 13) in base 15?
4
What is 1 (base 4) in base 10?
1
Convert -6 (base 10) to base 13.
-6
Convert -16 (base 8) to base 12.
-12
Convert -1101 (base 4) to base 16.
-51
Convert 214 (base 5) to base 13.
47
Convert -11 (base 11) to base 8.
-14
-1 (base 4) to base 3
-1
What is 0 (base 4) in base 12?
0
Convert 5 (base 7) to base 4.
11
Convert 224 (base 11) to base 7.
532
Convert -1 (base 10) to base 5.
-1
3 (base 6) to base 16
3
7 (base 14) to base 15
7
Convert 147 (base 12) to base 15.
d4
What is 10000 (base 2) in base 15?
11
What is -31 (base 5) in base 6?
-24
What is -2000 (base 3) in base 2?
-110110
122 (base 11) to base 5
1040
What is 310 (base 8) in base 15?
d5
What is -120 (base 9) in base 3?
-10200
What is -7a (base 13) in base 16?
-65
What is 2 (base 13) in base 4?
2
Convert 0 (base 9) to base 11.
0
Convert 4 (base 12) to base 13.
4
-101 (base 2) to base 14
-5
What is -12 (base 5) in base 11?
-7
What is 0 (base 14) in base 7?
0
-168 (base 13) to base 11
-212
-35 (base 6) to base 15
-18
Convert -2 (base 6) to base 13.
-2
What is -3 (base 6) in base 15?
-3
What is 1 (base 14) in base 9?
1
-5f (base 16) to base 10
-95
What is bb (base 14) in base 6?
433
Convert -a (base 16) to base 10.
-10
What is 113 (base 4) in base 9?
25
0 (base 7) to base 14
0
Convert 20 (base 7) to base 3.
112
Convert 2 (base 6) to base 2.
10
-64 (base 12) to base 8
-114
What is -1 (base 12) in base 15?
-1
-3 (base 13) to base 12
-3
What is 35 (base 8) in base 10?
29
What is -42 (base 12) in base 3?
-1212
Convert -31 (base 4) to base 2.
-1101
What is -1c (base 15) in base 12?
-23
-253 (base 6) to base 7
-210
13 (base 10) to base 14
d
Convert -10 (base 15) to base 8.
-17
Convert 10 (base 16) to base 10.
16
What is 0 (base 12) in base 14?
0
-a (base 14) to base 5
-20
What is 23 (base 7) in base 9?
18
Convert -53 (base 16) to base 3.
-10002
14 (base 6) to base 4
22
What is 0 (base 12) in base 10?
0
-107 (base 14) to base 13
-128
What is 103 (base 12) in base 8?
223
-101 (base 2) to base 4
-11
Convert -1021 (base 3) to base 2.
-100010
Convert -b (base 12) to base 8.
-13
40 (base 6) to base 10
24
3 (base 15) to base 8
3
9 (base 13) to base 11
9
-93 (base 11) to base 13
-7b
What is -2 (base 3) in base 8?
-2
What is -48 (base 16) in base 11?
-66
What is 2 (base 4) in base 12?
2
Convert -10 (base 2) to base 16.
-2
-41 (base 7) to base 10
-29
What is -1001 (base 3) in base 10?
-28
What is 11010 (base 2) in base 11?
24
What is -11 (base 3) in base 13?
-4
-5 (base 9) to base 3
-12
Convert 95 (base 11) to base 4.
1220
2 (base 15) to base 3
2
What is -49 (base 12) in base 3?
-2010
What is 24 (base 7) in base 3?
200
What is 2 (base 14) in base 12?
2
Convert -112 (base 3) to base 9.
-15
-6 (base 11) to base 15
-6
79 (base 16) to base 14
89
Convert -b9 (base 14) to base 12.
-117
-25 (base 11) to base 7
-36
-1121 (base 3) to base 12
-37
What is 6 (base 13) in base 3?
20
Convert 0 (base 9) to base 15.
0
2 (base 9) to base 3
2
5 (base 12) to base 5
10
-b (base 14) to base 10
-11
What is 0 (base 5) in base 8?
0
What is 2 (base 11) in base 4?
2
-1 (base 16) to base 5
-1
What is -150 (base 6) in base 13?
-51
What is 413 (base 7) in base 12?
152
a2 (base 12) to base 7
233
Convert -54 (base 7) to base 11.
-36
What is -27 (base 9) in base 11?
-23
-41 (base 9) to base 4
-211
Convert -10120 (base 3) to base 7.
-165
What is 5 (base 13) in base 8?
5
What is 8 (base 13) in base 16?
8
Convert -14 (base 9) to base 2.
-1101
282 (base 11) to base 3
110022
What is 314 (base 5) in base 8?
124
Convert 134 (base 10) to base 7.
251
What is -4 (base 9) in base 13?
-4
What is 4 (base 13) in base 11?
4
What is -1 (base 10) in base 3?
-1
4 (base 7) to base 14
4
What is 442 (base 5) in base 3?
11112
Convert 202 (base 3) to base 10.
20
1d (base 14) to base 13
21
Convert 1010 (base 2) to base 10.
10
-56 (base 8) to base 16
-2e
Convert -1112 (base 4) to base 8.
-126
What is -5 (base 7) in base 8?
-5
-1 (base 10) to base 16
-1
-6 (base 16) to base 4
-12
Convert 0 (base 6) to base 12.
0
-4 (base 9) to base 6
-4
What is -20 (base 16) in base 5?
-112
Convert 9 (base 14) to base 5.
14
-36 (base 7) to base 10
-27
Convert -1 (base 5) to base 3.
-1
-4 (base 6) to base 16
-4
-9a (base 14) to base 3
-12001
What is 21 (base 6) in base 5?
23
What is 47 (base 12) in base 7?
106
What is -20 (base 13) in base 2?
-11010
What is 141 (base 16) in base 8?
501
What is -74 (base 8) in base 3?
-2020
What is 0 (base 12) in base 13?
0
5 (base 13) to base 9
5
17 (base 14) to base 6
33
What is -2010 (base 3) in base 4?
-321
What is -107 (base 10) in base 13?
-83
19 (base 14) to base 15
18
-4 (base 14) to base 4
-10
-3 (base 10) to base 11
-3
31 (base 7) to base 4
112
-5 (base 14) to base 6
-5
What is 2120 (base 3) in base 13?
54
Convert -166 (base 7) to base 5.
-342
What is -10110 (base 2) in base 5?
-42
Convert 25 (base 8) to base 13.
18
What is -214 (base 9) in base 8?
-257
Convert -10 (base 4) to base 2.
-100
What is -5 (base 6) in base 2?
-101
What is -1 (base 6) in base 4?
-1
Convert -1 (base 9) to base 14.
-1
2a (base 13) to base 6
100
Convert 17 (base 9) to base 3.
121
Convert -205 (base 8) to base 12.
-b1
3 (base 4) to base 2
11
64 (base 13) to base 8
122
What is -85 (base 16) in base 15?
-8d
What is -9 (base 16) in base 3?
-100
Convert -113 (base 4) to base 9.
-25
-33 (base 11) to base 4
-210
Convert 141 (base 11) to base 7.
325
What is -1 (base 16) in base 10?
-1
Convert 4 (base 16) to base 5.
4
Convert 4 (base 13) to base 7.
4
-1 (base 7) to base 10
-1
What is 1 (base 6) in base 5?
1
What is -41 (base 7) in base 5?
-104
-3 (base 7) to base 4
-3
Convert 331 (base 5) to base 3.
10101
Convert 4d (base 15) to base 12.
61